ghest common factor of 17 and 10081.
17
What is the highest common factor of 4902 and 18?
6
What is the highest common factor of 1 and 263?
1
Calculate the greatest common factor of 124 and 12028.
124
What is the greatest common divisor of 22 and 8580?
22
What is the highest common divisor of 87 and 406?
29
What is the highest common factor of 84 and 108?
12
What is the greatest common divisor of 45 and 405?
45
What is the greatest common factor of 78 and 72?
6
What is the highest common divisor of 294 and 54?
6
What is the greatest common factor of 48 and 138?
6
What is the highest common divisor of 68 and 23324?
68
Calculate the highest common divisor of 627 and 741.
57
Calculate the highest common factor of 11025 and 225.
225
Calculate the greatest common factor of 248 and 93.
31
What is the greatest common factor of 27 and 1?
1
Calculate the greatest common divisor of 2732 and 4.
4
What is the highest common divisor of 236 and 3186?
118
Calculate the highest common factor of 350 and 14.
14
What is the greatest common divisor of 3885 and 105?
105
Calculate the highest common divisor of 364 and 28.
28
Calculate the greatest common divisor of 1467 and 7009.
163
Calculate the greatest common divisor of 154 and 33.
11
Calculate the highest common factor of 12 and 1164.
12
Calculate the greatest common factor of 11 and 7.
1
Calculate the greatest common divisor of 1665 and 99.
9
What is the greatest common divisor of 32 and 80?
16
Calculate the greatest common factor of 76 and 209.
19
What is the highest common factor of 2924 and 340?
68
What is the highest common divisor of 117 and 8109?
9
What is the highest common factor of 5 and 10?
5
What is the highest common factor of 400 and 2150?
50
What is the highest common divisor of 270 and 930?
30
What is the highest common divisor of 544 and 976?
16
What is the highest common divisor of 100 and 85?
5
Calculate the highest common divisor of 318 and 12.
6
Calculate the highest common factor of 948 and 12.
12
What is the highest common factor of 4042 and 188?
94
What is the greatest common factor of 37 and 31?
1
What is the greatest common factor of 25 and 475?
25
Calculate the greatest common factor of 6770 and 10.
10
What is the greatest common factor of 42 and 50988?
42
Calculate the greatest common divisor of 46 and 10.
2
Calculate the highest common divisor of 1030 and 30.
10
What is the greatest common divisor of 136 and 323?
17
Calculate the highest common divisor of 224 and 203.
7
What is the greatest common factor of 7 and 14?
7
What is the highest common factor of 344 and 88924?
172
What is the highest common factor of 55 and 10?
5
Calculate the greatest common divisor of 50211 and 63.
63
Calculate the highest common divisor of 5389 and 17.
17
What is the greatest common divisor of 5 and 4025?
5
Calculate the highest common divisor of 4108 and 52.
52
What is the greatest common factor of 994 and 63?
7
What is the highest common divisor of 3852 and 72?
36
Calculate the highest common factor of 1081 and 329.
47
What is the greatest common factor of 448 and 2576?
112
What is the highest common divisor of 207 and 69?
69
What is the highest common divisor of 81 and 1647?
27
What is the highest common divisor of 1344 and 434?
14
Calculate the greatest common factor of 81 and 297.
27
Calculate the highest common divisor of 247 and 95.
19
Calculate the highest common divisor of 246 and 6.
6
What is the highest common divisor of 1080 and 40?
40
What is the greatest common factor of 40 and 250?
10
What is the highest common divisor of 435 and 60?
15
What is the greatest common factor of 25 and 415?
5
What is the greatest common factor of 1207 and 17?
17
What is the highest common divisor of 48 and 22?
2
Calculate the highest common divisor of 360 and 40.
40
Calculate the highest common factor of 544 and 608.
32
Calculate the greatest common divisor of 15 and 215.
5
Calculate the greatest common divisor of 22 and 77.
11
Calculate the highest common factor of 125 and 25.
25
Calculate the greatest common factor of 257 and 9.
1
Calculate the highest common divisor of 1 and 29.
1
Calculate the greatest common divisor of 99 and 407.
11
Calculate the highest common factor of 88 and 132.
44
What is the highest common divisor of 448 and 2912?
224
What is the highest common factor of 54 and 138?
6
What is the greatest common factor of 970 and 20?
10
Calculate the highest common divisor of 48 and 792.
24
Calculate the highest common factor of 697 and 205.
41
What is the greatest common divisor of 6119 and 116?
29
Calculate the greatest common factor of 24 and 764.
4
What is the greatest common divisor of 71 and 26554?
71
What is the greatest common divisor of 67 and 24723?
67
What is the greatest common factor of 24 and 184?
8
What is the greatest common divisor of 360 and 170?
10
Calculate the highest common factor of 2 and 96.
2
What is the highest common divisor of 511 and 876?
73
What is the highest common factor of 315 and 585?
45
What is the highest common divisor of 31 and 8463?
31
Calculate the greatest common factor of 65 and 650.
65
Calculate the greatest common factor of 258 and 6837.
129
What is the highest common factor of 16 and 73?
1
Calculate the greatest common factor of 385 and 140.
35
Calculate the greatest common divisor of 11 and 22297.
11
Calculate the highest common factor of 2449 and 62.
31
What is the greatest common divisor of 928 and 116?
116
What is the greatest common divisor of 165 and 150?
15
Calculate the greatest common divisor of 585 and 45.
45
Calculate the highest common factor of 54 and 12294.
18
What is the highest common factor of 1470 and 24500?
490
What is the highest common factor of 320 and 5?
5
Calculate the greatest common factor of 8694 and 63.
63
Calculate the highest common divisor of 56 and 994.
14
What is the greatest common divisor of 18 and 117?
9
What is the highest common factor of 1617 and 882?
147
What is the highest common factor of 36881 and 13?
13
What is the highest common factor of 90 and 390?
30
Calculate the greatest common divisor of 84 and 2226.
42
Calculate the highest common factor of 319 and 116.
29
What is the highest common factor of 12 and 768?
12
Calculate the highest common divisor of 19875 and 1500.
375
Calculate the highest common factor of 1932 and 420.
84
Calculate the greatest common factor of 196 and 6272.
196
Calculate the highest common factor of 14948 and 505.
101
Calculate the greatest common divisor of 28 and 224.
28
What is the highest common factor of 377 and 29?
29
What is the greatest common factor of 2275 and 26?
13
Calculate the highest common divisor of 19 and 133.
19
Calculate the highest common divisor of 180 and 6900.
60
What is the greatest common divisor of 778 and 5?
1
What is the greatest common factor of 32 and 96?
32
Calculate the greatest common factor of 13 and 208.
13
What is the highest common factor of 814 and 1850?
74
What is the highest common divisor of 3038 and 62?
62
Calculate the greatest common divisor of 71 and 54.
1
What is the greatest common divisor of 133 and 14?
7
What is the greatest common divisor of 4 and 188?
4
What is the greatest common divisor of 391 and 253?
23
What is the greatest common factor of 50 and 14990?
10
What is the highest common divisor of 72 and 252?
36
What is the highest common divisor of 1581 and 372?
93
What is the greatest common factor of 1826 and 22?
22
What is the greatest common divisor of 612 and 54?
18
What is the highest common factor of 1 and 509?
1
What is the highest common factor of 962 and 1110?
74
Calculate the greatest common factor of 134 and 65794.
134
What is the greatest common divisor of 477 and 265?
53
What is the highest common factor of 16 and 25712?
16
Calculate the greatest common factor of 31146 and 348.
174
Calculate the highest common factor of 7787 and 13.
13
What is the highest common factor of 64 and 1376?
32
What is the greatest common divisor of 1841 and 14?
7
What is the greatest common divisor of 8895 and 15?
15
Calculate the greatest common divisor of 7856 and 16.
16
What is the highest common factor of 81 and 675?
27
What is the highest common factor of 15 and 75?
15
What is the greatest common divisor of 912 and 96?
48
Calculat